ivided by 53?
5
Calculate the remainder when 4208 is divided by 4184.
24
What is the remainder when 38649 is divided by 257?
99
Calculate the remainder when 26632 is divided by 4431.
46
Calculate the remainder when 48757 is divided by 341.
335
Calculate the remainder when 98344 is divided by 291.
277
Calculate the remainder when 52323 is divided by 2491.
12
What is the remainder when 50840 is divided by 458?
2
Calculate the remainder when 185965 is divided by 59.
56
Calculate the remainder when 357248 is divided by 50.
48
Calculate the remainder when 19817 is divided by 4951.
13
What is the remainder when 2098 is divided by 717?
664
What is the remainder when 3085874 is divided by 195?
194
What is the remainder when 4819 is divided by 1050?
619
What is the remainder when 100108 is divided by 213?
211
What is the remainder when 1652039 is divided by 277?
11
What is the remainder when 4846 is divided by 952?
86
What is the remainder when 19382 is divided by 19362?
20
What is the remainder when 4292 is divided by 172?
164
What is the remainder when 86086 is divided by 218?
194
Calculate the remainder when 2414 is divided by 270.
254
Calculate the remainder when 1189763 is divided by 911.
908
What is the remainder when 321820 is divided by 18?
16
What is the remainder when 5359 is divided by 2657?
45
Calculate the remainder when 1168 is divided by 169.
154
Calculate the remainder when 5721172 is divided by 279.
277
Calculate the remainder when 30699 is divided by 20.
19
What is the remainder when 28016 is divided by 6977?
108
What is the remainder when 13504 is divided by 3366?
40
What is the remainder when 40579 is divided by 40570?
9
What is the remainder when 1121 is divided by 247?
133
What is the remainder when 12173 is divided by 55?
18
Calculate the remainder when 2909549 is divided by 30.
29
Calculate the remainder when 274879 is divided by 167.
164
What is the remainder when 23974 is divided by 1393?
293
Calculate the remainder when 708 is divided by 133.
43
Calculate the remainder when 37513 is divided by 113.
110
What is the remainder when 10610 is divided by 567?
404
What is the remainder when 3027316 is divided by 686?
684
Calculate the remainder when 86263 is divided by 71.
69
What is the remainder when 9669 is divided by 23?
9
What is the remainder when 35496 is divided by 507?
6
What is the remainder when 311732 is divided by 1242?
1232
What is the remainder when 22464 is divided by 11195?
74
Calculate the remainder when 5181 is divided by 41.
15
What is the remainder when 199793 is divided by 24?
17
What is the remainder when 7731 is divided by 60?
51
Calculate the remainder when 2589 is divided by 921.
747
Calculate the remainder when 252988 is divided by 5.
3
What is the remainder when 2161 is divided by 1718?
443
Calculate the remainder when 6386 is divided by 191.
83
Calculate the remainder when 2593 is divided by 2552.
41
Calculate the remainder when 23363 is divided by 135.
8
What is the remainder when 32877 is divided by 2054?
13
Calculate the remainder when 1041 is divided by 58.
55
What is the remainder when 42652 is divided by 172?
168
What is the remainder when 9762 is divided by 212?
10
Calculate the remainder when 2123 is divided by 1996.
127
What is the remainder when 961841 is divided by 240457?
13
Calculate the remainder when 3605 is divided by 191.
167
What is the remainder when 984184 is divided by 63?
61
What is the remainder when 303535 is divided by 331?
8
Calculate the remainder when 659 is divided by 410.
249
What is the remainder when 23074 is divided by 398?
388
What is the remainder when 249590 is divided by 156?
146
What is the remainder when 570 is divided by 73?
59
Calculate the remainder when 2500 is divided by 367.
298
Calculate the remainder when 2139000 is divided by 877.
874
What is the remainder when 876 is divided by 719?
157
Calculate the remainder when 9274 is divided by 14.
6
Calculate the remainder when 8557 is divided by 611.
3
What is the remainder when 240074 is divided by 99?
98
Calculate the remainder when 51963 is divided by 3247.
11
What is the remainder when 15633 is divided by 5146?
195
Calculate the remainder when 3691 is divided by 468.
415
Calculate the remainder when 92572 is divided by 37.
35
Calculate the remainder when 12021 is divided by 72.
69
What is the remainder when 816175 is divided by 159?
28
What is the remainder when 149645 is divided by 2580?
5
Calculate the remainder when 37526 is divided by 407.
82
What is the remainder when 949 is divided by 104?
13
What is the remainder when 34288 is divided by 17126?
36
Calculate the remainder when 2948 is divided by 202.
120
What is the remainder when 192879 is divided by 37?
35
Calculate the remainder when 4536 is divided by 646.
14
What is the remainder when 35837 is divided by 338?
9
What is the remainder when 17483 is divided by 188?
187
What is the remainder when 12310 is divided by 1754?
32
Calculate the remainder when 3142 is divided by 110.
62
What is the remainder when 31515 is divided by 44?
11
What is the remainder when 56421 is divided by 145?
16
Calculate the remainder when 209601 is divided by 88.
73
Calculate the remainder when 201247 is divided by 1150.
1147
What is the remainder when 3645 is divided by 1039?
528
Calculate the remainder when 457296 is divided by 557.
556
What is the remainder when 9798 is divided by 1959?
3
What is the remainder when 81437 is divided by 947?
942
Calculate the remainder when 758 is divided by 476.
282
Calculate the remainder when 4162 is divided by 1332.
166
What is the remainder when 118134 is divided by 59054?
26
Calculate the remainder when 280964 is divided by 98.
96
What is the remainder when 35193 is divided by 3904?
57
Calculate the remainder when 11866 is divided by 395.
16
What is the remainder when 13341 is divided by 48?
45
Calculate the remainder when 14995 is divided by 268.
255
What is the remainder when 7749496 is divided by 89?
88
Calculate the remainder when 205534 is divided by 11.
10
What is the remainder when 3745 is divided by 79?
32
Calculate the remainder when 46569 is divided by 289.
40
What is the remainder when 90047 is divided by 164?
11
What is the remainder when 5090 is divided by 3108?
1982
Calculate the remainder when 14986 is divided by 672.
202
What is the remainder when 82207 is divided by 20?
7
What is the remainder when 82173 is divided by 41?
9
Calculate the remainder when 6600258 is divided by 523.
521
What is the remainder when 69449 is divided by 2572?
5
What is the remainder when 41428 is divided by 4138?
48
What is the remainder when 1150 is divided by 528?
94
Calculate the remainder when 3048 is divided by 786.
690
What is the remainder when 136332 is divided by 779?
7
What is the remainder when 2229 is divided by 272?
53
What is the remainder when 10261 is divided by 2563?
9
What is the remainder when 84686 is divided by 919?
138
What is the remainder when 18891 is divided by 960?
651
Calculate the remainder when 20442 is divided by 3401.
36
What is the remainder when 82397 is divided by 200?
197
What is the remainder when 3441 is divided by 2990?
451
Calculate the remainder when 34145 is divided by 179.
135
Calculate the remainder when 682228 is divided by 139.
16
What is the remainder when 11953 is divided by 214?
183
Calculate the remainder when 546830 is divided by 219.
206
Calculate the remainder when 1186 is divided by 27.
25
What is the remainder when 39780 is divided by 13231?
87
Calculate the remainder when 9787 is divided by 20.
7
Calculate the remainder when 292185 is divided by 156.
153
What is the remainder when 3237 is divided by 131?
93
Calculate the remainder when 28094 is divided by 50.
44
What is the remainder when 5526 is divided by 48?
6
What is the remainder when 28874 is divided by 902?
10
Calculate the remainder when 2874 is divided by 144.
138
What is the remainder when 753 is divided by 43?
22
Calculate the remainder when 3916 is divided by 970.
36
What is the remainder when 8113 is divided by 2579?
376
What is the remainder when 86280 is divided by 7187?
36
What is the remainder when 1727199 is divided by 1016?
1015
Calculate the remainder when 426108 is divided by 709.
708
What is the remainder when 772